-13. Suppose 8*q - 5 = 379. Calculate the greatest common factor of q and r.
6
Let n(x) = -x + 2. Let v be n(-6). Let p be (-3 + 12/(-4))/2. Let m be (3 - 6)/(p/2). What is the greatest common factor of m and v?
2
Suppose 2*t - 3*i = 27, -5*t - 12 = -2*i - 52. What is the greatest common divisor of 134 and t?
2
Suppose 0 = 4*z - 16*z + 552. Calculate the highest common divisor of z and 10.
2
Suppose -16*w - 1019 = -21*w + i, -814 = -4*w + 2*i. What is the greatest common divisor of 561 and w?
51
Let d = 66 - 66. Suppose 10*v + 34 - 274 = d. What is the highest common divisor of 12 and v?
12
Let k = 195 + -19. Let w be ((-2)/3)/((-4)/18). Suppose 0 = -w*u - 0*u + 48. What is the greatest common divisor of u and k?
16
Suppose -5*h + 2*h + 48 = 0. Let d = -293 - -341. Calculate the highest common divisor of d and h.
16
Suppose 0 = -4*i + 3*i + 34. Let v = 27 - 8. Let d = i - v. What is the greatest common factor of d and 5?
5
Let h(i) = -82*i - 2. Let j be h(-2). Suppose -5*l - p + 453 = 0, -p = -l - 0*p + 87. Suppose -l = 28*v - 33*v. What is the highest common factor of j and v?
18
Let r(k) = -k**3 - 3*k**2 - 2*k. Let z be r(-3). Suppose -75 = -z*q + q. Suppose 81*x - 435 = 52*x. What is the greatest common divisor of q and x?
15
Suppose -16*z = -7*z - 486. Let j(l) = -180*l**3 - l**2 + 1. Let c be j(-1). Suppose -c = -2*f - 3*f. Calculate the highest common factor of z and f.
18
Suppose 3*i - 8 - 76 = 0. Let f = 36 + i. Let m = 2 - -6. Calculate the greatest common divisor of m and f.
8
Suppose 65*b - 928 = 632. Suppose 24 + 12 = 3*w. Calculate the highest common divisor of w and b.
12
Let d = -76 + 121. Suppose 2*w = -2*o + 630, 3*o - 1575 = -2*o - 3*w. Calculate the greatest common divisor of d and o.
45
Let r(x) = -3*x**3 + x + 23. Let i be r(0). What is the greatest common factor of i and 621?
23
Suppose -6*w + 5*w = 4*p - 120, 0 = -3*p + w + 90. Calculate the highest common divisor of 24 and p.
6
Suppose -2*c + c = 4*g - 7, 0 = 3*c - 5*g - 21. Suppose 4*b - 6*b + 4 = -p, 0 = p - 4*b + 8. Let f = 1 - p. What is the greatest common factor of c and f?
1
Suppose 0 = 5*j + 2*u - 104, -5*u - 9 = 6. What is the highest common factor of j and 22?
22
Suppose -8*t - 168 = -13*t + 4*z, -z - 33 = -t. What is the greatest common factor of 84 and t?
12
Let j(i) = 5*i - 6. Let n be j(4). Suppose 3*c + 5 = 4*c. Suppose 719 - 159 = c*r. What is the highest common divisor of n and r?
14
Let h(r) = -r**3 + 11*r**2 - r + 14. Let b be h(11). Let i(f) = 5*f - 4*f + 4 - 1. Let l be i(b). What is the highest common divisor of l and 3?
3
Suppose -3 + 23 = 4*d. Suppose 7*m + 101 - 297 = 0. Suppose -x - m = -d*x. What is the highest common factor of x and 56?
7
Let i be (-55)/(-15) + 4/(-6). Suppose -i*l - 14 = -y, 6*l = -y + l + 46. Calculate the greatest common divisor of y and 26.
26
Let d be ((-5)/(30/4))/((-43)/8127). Calculate the highest common factor of 98 and d.
14
Suppose 3*f + 0*f - 90 = 0. Let x be (-22 - -6)*(-2)/4. Suppose x*v + 39 - 119 = 0. What is the greatest common factor of v and f?
10
Let u be 56/(-12)*(-36)/14. Suppose 44 = 4*t + 2*f, -t + f = 2*f - u. Let w(b) = -8*b. Let s be w(-10). What is the highest common factor of t and s?
10
Let k(m) = -2*m**3 - m**2 - 116. Let q be k(0). Let z = 166 - q. Let j = z - 194. Calculate the highest common divisor of j and 8.
8
Let w be ((-3)/(-6) - 0)*-22. Let d be (4/(-5))/(w/55). Suppose m - 77 = -i - d*i, -i + 5 = -5*m. Calculate the highest common divisor of i and 60.
15
Let t(w) = -3*w. Let d(a) = a - 5. Let b(q) = -3*d(q) - 3*t(q). Let y be b(10). Calculate the greatest common factor of y and 30.
15
Let v be (-858)/(-9) - ((-208)/24 + 9). Calculate the greatest common divisor of v and 10.
5
Suppose -3*k - y = -7*k + 15, -5*y - 18 = -k. Suppose 8*d = k*d + 585. What is the highest common divisor of 78 and d?
39
Suppose -2*d = 3*a - 169 - 75, 5*d - 3*a = 652. Calculate the highest common factor of d and 4.
4
Let j be (2 + -4)*25/((-150)/252). Calculate the greatest common factor of j and 12.
12
Let y(i) be the third derivative of -i**6/120 + 13*i**5/60 + i**4/12 + 20*i**2. Let j be y(12). What is the highest common factor of 21 and j?
21
Let g = -8 + 14. Let w = -368 + 752. Suppose -5*d + w = 3*d. Calculate the highest common divisor of d and g.
6
Let p be 3*(-11)/((-33)/16). What is the greatest common factor of p and 112?
16
Let z = 260 - 248. Suppose -3*w - 18 = -5*w. What is the highest common divisor of w and z?
3
Let t(n) = -12*n**3 - n**2. Let i be t(-4). What is the highest common divisor of 47 and i?
47
Suppose -r = -36*r + 5320. Calculate the greatest common divisor of 16 and r.
8
Let s = -18 - -35. Suppose u - s = -10. Suppose 3*k + 60 = u*k. Calculate the highest common factor of k and 6.
3
Suppose -5*v = v - 12. Suppose 0 = -0*m - m - 5, l + 2*m = v. Suppose -2*h = 5*i - 32, 5*i - 11 - 45 = 4*h. What is the highest common divisor of i and l?
4
Suppose -4*n + 20 = -9*n, -n = -2*a + 52. Suppose -3*y - i - i - 59 = 0, 4*y = 4*i - 112. Let u = -7 - y. What is the greatest common factor of u and a?
8
Let r = 31 - 12. Suppose -3*x = -44 - r. Calculate the highest common factor of x and 105.
21
Let b = -238 + 333. Let z = 12 - 9. Let h be z/(-2 - (-158)/76). Calculate the greatest common divisor of b and h.
19
Let j(k) = 6*k + 15. Let x be (-1)/(-1) + (8 - 9). Suppose x = -2*b - b + 15. Let r be j(b). Calculate the greatest common factor of r and 18.
9
Let z(o) = -o**2 - 13*o - 7. Let t be z(-12). Suppose t*v - 378 = -48. What is the highest common factor of v and 44?
22
Suppose -23*d - 4*d = -567. Let y(i) = i - 11. Let m be y(14). Calculate the highest common factor of m and d.
3
Let n(w) = 3*w - 4 - 3*w - w + 2*w. Let k be n(11). What is the greatest common divisor of k and 77?
7
Let a = -293 + 329. What is the greatest common divisor of 24 and a?
12
Suppose 0 = -3*y + 177 + 138. Suppose -3*g + l + 212 = 2*g, -4*g - 4*l = -160. What is the highest common divisor of g and y?
21
Suppose 4*x - 1 = -17. Let b = 166 + x. Suppose 20 - 2 = v. Calculate the greatest common factor of b and v.
18
Let j(z) = z**2 + 19*z - 2. Let t(s) = -4*s**3 + 4*s**2 - 4*s + 4. Let n be t(2). Let b be j(n). Calculate the greatest common factor of b and 27.
9
Suppose z + 8 = p, 0*p = -z - 5*p - 38. Let m(w) = w**2 + 8*w + 12. Let b be m(z). Calculate the greatest common divisor of 22 and b.
11
Let u(l) = -2*l**3 + 47*l**2 - 20*l + 29. Let v be u(23). Calculate the highest common divisor of v and 154.
14
Let h be (4 + -6)/((3/2)/(-3)). What is the greatest common factor of h and 14?
2
Suppose -5*r + 32 = -f, -f + 3*f + 22 = 4*r. Let k(z) = 12*z - 1. Let p be k(3). What is the greatest common factor of r and p?
7
Suppose -4*u = -9*u - 2*z + 1580, 974 = 3*u - 4*z. Calculate the greatest common factor of u and 6.
6
Let k be (8/4)/2 - -3. Suppose 314 = -0*s + 2*s + 4*z, -k*s - z = -621. Let j = -74 - -105. Calculate the highest common factor of j and s.
31
Let w = -15 + 18. Suppose -c + q = -246, 4*q = -w*c - 107 + 838. Let m be 1*3 - (-9)/((-54)/(-192)). Calculate the greatest common factor of c and m.
35
Suppose -29 = 4*c + 27. Let p be 0 - 2 - (-4 + 6). Let d be p/c - 3416/(-49). Calculate the highest common divisor of d and 28.
14
Let s be 5863/369 + (-2)/(-18). What is the greatest common factor of s and 1?
1
Suppose -2*n - 143 = -5*s - n, -5*n = -2*s + 71. Suppose 0 = -z - 3, 2*w - 13 = w + z. Let m = w + -3. What is the highest common divisor of m and s?
7
Let t = 213 + -205. What is the greatest common divisor of t and 488?
8
Let a be (-76)/(-20) - (-2)/10. Suppose 5*k + 58 + 3 = u, -172 = -a*u - 4*k. Suppose u + 74 = 6*m. What is the highest common factor of 4 and m?
4
Let m(a) = 3*a + 6. Let i be m(15). Let w = i - 40. What is the highest common divisor of w and 55?
11
Suppose 4*l - 6*n + 10*n - 604 = 0, -3*n + 157 = l. Calculate the highest common divisor of 4 and l.
4
Let w(h) = 7*h - 200. Let j be w(36). What is the highest common divisor of 36 and j?
4
Let a(k) = 14*k**2 + 5*k + 14. Let d be a(-2). What is the highest common factor of d and 20?
20
Let x = -100 - -100. Let p be 4 + -56*(x - 4). Calculate the highest common divisor of 57 and p.
57
Let u = -1 - -8. Let z be (68/20)/(1/5). Let o = z - u. What 